e the prime factors of u(n)?
2, 61
Let n(j) = -5*j + 42. Let a be n(8). Suppose 2*d - 272 = 2*v, a*d = 4*d + v - 278. What are the prime factors of d?
2, 3, 23
Let a(v) be the third derivative of -v**6/120 - v**4/24 + v**3 - 3*v**2. Let x be a(-5). Suppose s = -3*s + x. List the prime factors of s.
2, 17
Let i = 4 + -11. Let f = i + 10. Suppose -5*b = 3*a - 47, -4*b = a + f - 14. What are the prime factors of a?
19
List the prime factors of 12/(-10)*(-4900)/15.
2, 7
Let h(z) = z**2 + 3*z - 5. Let y be h(-4). Let u be 0 + (y - 3)/(-2). Suppose -3*g - u*g = -10. List the prime factors of g.
2
Suppose -61 = -2*t + 19. Suppose -s + 22 = -t. List the prime factors of s.
2, 31
Suppose 8*k + 2825 = 13*k. List the prime factors of k.
5, 113
Suppose -5*c = g - 146, 3*g - 581 + 117 = -2*c. Let q = -91 + g. What are the prime factors of q?
5, 13
Suppose 5*n - 2788 = 20*q - 21*q, n - 563 = -2*q. What are the prime factors of n?
557
Suppose -4*h + 0*h + 4*x = 80, 0 = -4*h + 3*x - 75. Let o = 29 + h. List the prime factors of o.
2, 7
Suppose 11 - 3 = 2*q. Suppose q*w - 1 - 1 = -2*z, 4*w = 3*z - 13. Let h = 18 - z. List the prime factors of h.
3, 5
Suppose 0 = 2*p - 480 - 2318. List the prime factors of p.
1399
Let b = -29 + 66. Let n = b - -1. Let k = -25 + n. What are the prime factors of k?
13
Let y(u) = u - 3. Let k be y(2). Let a(v) = 3*v**2 + 37*v + 14. Let c be a(-6). List the prime factors of 2/(k - c/92).
23
What are the prime factors of -5 + 648 - (0/(-6) + -3)?
2, 17, 19
Let w = 27 + -21. Let f(m) = m**3 + 6*m**2 + m - 2. Let p be f(-6). What are the prime factors of 162/8 - w/p?
3, 7
Let q = 43 - 7. Let h = q + -1. Suppose -3*c + h = 2*c. What are the prime factors of c?
7
Let w = 1773 - 916. List the prime factors of w.
857
Let s be 4 + (-1)/(-2) + 234/4. Suppose -132 = -p + s. What are the prime factors of p?
3, 5, 13
Let h(p) = -p**3 + 7*p**2 - 6*p + 4. Let d be h(6). Let j = -852 - -857. Suppose 3*i = -3*s + 48, i - 48 = -d*s + j*i. List the prime factors of s.
2, 7
Suppose 18845 = 10*q - 5045. List the prime factors of q.
2389
Suppose 0 = -3*a + 20 + 160. Suppose -2*l + a = l. Let w = 36 - l. List the prime factors of w.
2
Let c = 64 + 195. What are the prime factors of c?
7, 37
Let y(v) = v**3 - 12*v**2 - v + 4. Let g be y(12). Let k = g + 13. Suppose 5*j - k = 0, -3*w = 5*j + 5 - 49. What are the prime factors of w?
13
Let y(z) = -z**3 + 2*z**2 + 6*z - 4. Let o be y(3). Suppose -108 = -o*b - 4*b. What are the prime factors of b?
2, 3
Let s(v) = 46*v + 218. List the prime factors of s(7).
2, 3, 5
List the prime factors of 3*-2793*(-5)/45.
7, 19
Suppose 4*r = 2*t + 1356, 0 = 4*t - 2*t + 4. Suppose 5*n + r = -52. What are the prime factors of ((-32)/12)/(4/n)?
2, 13
Let y = 6 + -2. Let h be (-14)/y*4/(-2). Suppose 2*s - 3*f = 4*s - 28, -s + 2*f + h = 0. What are the prime factors of s?
11
Let v = 457 + -252. Suppose v = 12*f - 7*f. What are the prime factors of f?
41
Let x = 446 - 298. List the prime factors of x + 3 - (-4)/2.
3, 17
Let v(q) = 4*q - 7. Let u be v(3). Suppose 0 = 2*m - 0*m - u*n - 169, -3*n + 345 = 5*m. List the prime factors of m.
2, 3
Let r = -4 + 8. Suppose -120 = r*l + 76. Let u = l - -84. What are the prime factors of u?
5, 7
What are the prime factors of 1/3 + (-65)/(-39)*235?
2, 7
Let b(c) = -c**3 + 5*c**2 - c. Let q be b(4). Let j = q + 1. Suppose 123 - j = 5*p. What are the prime factors of p?
2, 11
Let a(f) = 2*f**3 + 4*f**2 - f + 1. Let h be a(-3). Let j = h + 98. Let r = 131 - j. List the prime factors of r.
47
Suppose -4*i = -3*a - 25, -4*a + 3*a = 4*i - 29. List the prime factors of i/28*-2 - (-87)/2.
43
Suppose t + 3773 = 5*d - 0*t, 0 = -2*t + 4. What are the prime factors of d?
5, 151
Let g(o) = o + 3. Suppose 6*w - w - 315 = 0. Suppose -f + 5*r - 9 = -0*f, -2*r = 5*f - w. List the prime factors of g(f).
2, 7
Let v(f) = 8*f**2 + 12*f - 63. Let w(m) = -5*m**2 - 8*m + 42. Let z(b) = 5*v(b) + 7*w(b). List the prime factors of z(-6).
3, 5
Suppose -3*l - j + 5 = 0, l = -0*l - 3*j - 9. Let o be 499/5 - l/(-15). Let u = o - 68. List the prime factors of u.
2
Suppose -232768 = -104*u + 94936. What are the prime factors of u?
23, 137
Suppose -2*k + 16*k - 6230 = 0. What are the prime factors of k?
5, 89
Suppose 14566 = 10*o - 4034. List the prime factors of o.
2, 3, 5, 31
Let v(b) = -3*b + 2. Let u be v(6). Let t be 3/(0 - 3) - u. Let x = t - 1. What are the prime factors of x?
2, 7
Let r(z) = -2*z**2 + 12*z + 20. Let i(m) = m**2 - 6*m - 10. Let x(j) = 7*i(j) + 3*r(j). Let c be x(6). Let p = 25 + c. What are the prime factors of p?
3, 5
Suppose -f - 731 - 767 = -4*n, 5*n + 3*f - 1881 = 0. Suppose 0 = -2*s - 3*s + n. Suppose 3*j + 2*t = s, 4*j - 5*t - 48 = 52. What are the prime factors of j?
5
Let h be 30/(-195) - (-379)/13. Suppose 2*w + 3*m = 63, 2*m - h = -w + 2. What are the prime factors of w?
3, 11
Let m(d) = d**3 - d**2 - d + 1. Let s(z) = -6*z**3 + 4*z**2 + 5*z - 20. Let p(q) = 5*m(q) + s(q). Let r be p(0). Let y = 7 - r. List the prime factors of y.
2, 11
Let h(v) = -2*v**2 + 2*v + 7. Let t be h(3). List the prime factors of 7882/70 - (-3)/t.
2, 7
Let d(n) = 19*n**3 + 5*n**2 + 6*n - 1. List the prime factors of d(3).
5, 23
Let c(h) = h**3 - 3*h**2 - 6*h - 4. Suppose 27 = 6*m - 3. What are the prime factors of c(m)?
2
Let n = 2 - -31. Suppose -4*q = -2*t - 17 - 13, 4*q - t = n. List the prime factors of q.
3
Let k be (263 - -1)*(-14)/(-21). What are the prime factors of 1350/120*k/6?
2, 3, 5, 11
Let q(u) = -1519*u - 28. What are the prime factors of q(-1)?
3, 7, 71
Let b = 509 + 127. Suppose 2*k + 10*k - b = 0. What are the prime factors of k?
53
Let y(g) = g + 23. Let b be y(-20). Suppose j = -j + 12. Suppose -3*o + b*u = -45, 3*o - 44 = -4*u + j*u. List the prime factors of o.
2, 7
What are the prime factors of (-1)/(16/(-7308)) - 3/(-12)?
457
Suppose -26*j + 25*j + 74 = 0. List the prime factors of j.
2, 37
Suppose 479 = 5*f + 174. Suppose 0*n + n = f. What are the prime factors of n?
61
Let v = -181 - -631. What are the prime factors of v?
2, 3, 5
Let b = 3329 + -2165. What are the prime factors of b?
2, 3, 97
Let x(p) be the second derivative of p**5/20 + 5*p**4/6 + 7*p**3/6 + p**2 - 14*p. List the prime factors of x(-6).
2, 13
Let u = 15 + -7. Let s be 0/(-3) - (6 - u). Suppose 17 + 63 = s*f. What are the prime factors of f?
2, 5
Suppose -5*x = -4*s - 8049, 0 = 5*x - 4*x - 5*s - 1614. List the prime factors of x.
1609
Let i = 3860 - 1721. List the prime factors of i.
3, 23, 31
Suppose -2*f + 602 = -610. List the prime factors of f.
2, 3, 101
List the prime factors of (-763)/(-2) - 2/4.
3, 127
Suppose -3*f + 1040 = 2*f. Suppose 3*g - f = -5*g. What are the prime factors of g?
2, 13
Suppose -3*f - 24 = 4*y - 9, y + 3 = 0. Let i be -3 - (-6 + 3 - f). List the prime factors of i + 1 - (-6)/2.
3
Let n(g) = -g**3 + 8*g**2 - 10*g + 23. List the prime factors of n(6).
5, 7
Suppose 11*a - 12*a = -4. Suppose -j + 2*j = a*g - 137, -5*j = -4*g + 125. List the prime factors of g.
5, 7
Suppose -4*u - u + d + 1743 = 0, 5*u + 5*d = 1755. What are the prime factors of u?
349
Let a(p) = -3*p - 33. Let d be a(-10). Let y(f) = -5*f**3 - 3*f**2 - f + 1. What are the prime factors of y(d)?
2, 7
Let r(a) = a**2 - 21*a + 30. Let j be r(-18). Suppose -5*x = 5*u - 1105, -140 = -4*x + 2*u + j. What are the prime factors of x?
3, 73
Suppose -7*j = 2*j - 12060. List the prime factors of j.
2, 5, 67
Suppose -2*k + 20 = 16. Suppose -2*d = -k, -2*d + 8 - 53 = -x. List the prime factors of x.
47
Let x(o) = 2*o**2 - 7*o + 9. Let c be x(5). Suppose -5*m = -4*s + 272, 5*m + 83 = -3*s + 4*s. Let t = s - c. List the prime factors of t.
3, 13
Suppose -5*o = -0*o + 3*k + 333, -o = -4*k + 85. Let p = o - -116. What are the prime factors of p?
47
Let w = -2518 - -4369. List the prime factors of w.
3, 617
Let f = -370 - -564. Let o = 355 - f. What are the prime factors of o?
7, 23
Let l(s) be the third derivative of -s**6/120 - s**5/12 + 29*s**4/24 - 5*s**3/3 - 21*s**2. What are the prime factors of l(-10)?
2, 5
Let z = 185 - -1478. List the prime factors of z.
1663
Suppose y - 3*y = -80. Suppose -5*q - o = -y, -4 = -q + 3*o + 20. What are the prime factors of (-4)/12 + 21/q?
2
Let k be 10/(-14) - 6/21. Let s be ((-39)/(-65))/(k/(-405)). Suppo